Last updated on 2022-06-28 03:51:30 CEST.
Flavor | Version | Tinstall | Tcheck | Ttotal | Status | Flags |
---|---|---|---|---|---|---|
r-devel-linux-x86_64-debian-clang | 0.1.0 | 48.34 | 34.46 | 82.80 | OK | |
r-devel-linux-x86_64-debian-gcc | 0.1.0 | 41.23 | 25.23 | 66.46 | OK | |
r-devel-linux-x86_64-fedora-clang | 0.1.0 | 132.67 | OK | |||
r-devel-linux-x86_64-fedora-gcc | 0.1.0 | 120.32 | OK | |||
r-devel-windows-x86_64 | 0.1.0 | 46.00 | 75.00 | 121.00 | OK | |
r-patched-linux-x86_64 | 0.1.0 | 44.42 | 31.33 | 75.75 | OK | |
r-release-linux-x86_64 | 0.1.0 | 48.94 | 31.35 | 80.29 | OK | |
r-release-macos-arm64 | 0.1.0 | 32.00 | NOTE | |||
r-release-macos-x86_64 | 0.1.0 | 42.00 | NOTE | |||
r-release-windows-x86_64 | 0.1.0 | 41.00 | 77.00 | 118.00 | OK | |
r-oldrel-macos-arm64 | 0.1.0 | 38.00 | NOTE | |||
r-oldrel-macos-x86_64 | 0.1.0 | 44.00 | NOTE | |||
r-oldrel-windows-ix86+x86_64 | 0.1.0 | 119.00 | 78.00 | 197.00 | OK |
Version: 0.1.0
Check: installed package size
Result: NOTE
installed size is 5.0Mb
sub-directories of 1Mb or more:
libs 4.9Mb
Flavors: r-release-macos-arm64, r-release-macos-x86_64, r-oldrel-macos-arm64, r-oldrel-macos-x86_64