CRAN Package Check Results for Package depcoeff

Last updated on 2022-05-27 15:51:37 CEST.

Flavor Version Tinstall Tcheck Ttotal Status Flags
r-devel-linux-x86_64-debian-clang 0.0.1 28.59 92.73 121.32 NOTE
r-devel-linux-x86_64-debian-gcc 0.0.1 19.86 71.50 91.36 NOTE
r-devel-linux-x86_64-fedora-clang 0.0.1 150.84 NOTE
r-devel-linux-x86_64-fedora-gcc 0.0.1 141.75 NOTE
r-devel-windows-x86_64 0.0.1 31.00 120.00 151.00 NOTE
r-patched-linux-x86_64 0.0.1 22.88 89.65 112.53 NOTE
r-release-linux-x86_64 0.0.1 25.55 90.58 116.13 NOTE
r-release-macos-arm64 0.0.1 41.00 NOTE
r-release-macos-x86_64 0.0.1 57.00 NOTE
r-release-windows-x86_64 0.0.1 38.00 125.00 163.00 NOTE
r-oldrel-macos-arm64 0.0.1 49.00 NOTE
r-oldrel-macos-x86_64 0.0.1 80.00 NOTE
r-oldrel-windows-ix86+x86_64 0.0.1 67.00 139.00 206.00 NOTE

Check Details

Version: 0.0.1
Check: LazyData
Result: NOTE
     'LazyData' is specified without a 'data' directory
Flavors: r-devel-linux-x86_64-debian-clang, r-devel-linux-x86_64-debian-gcc, r-devel-linux-x86_64-fedora-clang, r-devel-linux-x86_64-fedora-gcc, r-devel-windows-x86_64, r-patched-linux-x86_64, r-release-linux-x86_64, r-release-macos-arm64, r-release-macos-x86_64, r-release-windows-x86_64, r-oldrel-macos-arm64, r-oldrel-macos-x86_64, r-oldrel-windows-ix86+x86_64