CRAN Package Check Results for Package denguedatahub

Last updated on 2024-06-15 15:49:04 CEST.

Flavor Version Tinstall Tcheck Ttotal Status Flags
r-devel-linux-x86_64-debian-clang 1.0.4 8.89 40.65 49.54 OK
r-devel-linux-x86_64-debian-gcc 1.0.4 10.33 33.10 43.43 OK
r-devel-linux-x86_64-fedora-clang 1.0.4 65.61 NOTE
r-devel-linux-x86_64-fedora-gcc 1.0.4 64.53 NOTE
r-devel-windows-x86_64 1.0.4 16.00 57.00 73.00 OK
r-patched-linux-x86_64 1.0.4 9.82 40.47 50.29 OK
r-release-linux-x86_64 1.0.4 10.43 40.57 51.00 OK
r-release-macos-arm64 1.0.4 31.00 OK
r-release-macos-x86_64 1.0.4 47.00 OK
r-release-windows-x86_64 1.0.4 16.00 58.00 74.00 OK
r-oldrel-macos-arm64 1.0.4 31.00 OK
r-oldrel-macos-x86_64 1.0.4 63.00 OK
r-oldrel-windows-x86_64 1.0.4 24.00 68.00 92.00 OK

Check Details

Version: 1.0.4
Check: data for non-ASCII characters
Result: NOTE Note: found 3 marked UTF-8 strings Flavors: r-devel-linux-x86_64-fedora-clang, r-devel-linux-x86_64-fedora-gcc