Last updated on 2022-06-28 03:51:30 CEST.
Flavor | Version | Tinstall | Tcheck | Ttotal | Status | Flags |
---|---|---|---|---|---|---|
r-devel-linux-x86_64-debian-clang | 0.3.0 | 50.44 | 86.27 | 136.71 | NOTE | |
r-devel-linux-x86_64-debian-gcc | 0.3.0 | 43.57 | 64.19 | 107.76 | NOTE | |
r-devel-linux-x86_64-fedora-clang | 0.3.0 | 196.35 | WARN | |||
r-devel-linux-x86_64-fedora-gcc | 0.3.0 | 178.45 | WARN | |||
r-devel-windows-x86_64 | 0.3.0 | 49.00 | 129.00 | 178.00 | NOTE | |
r-patched-linux-x86_64 | 0.3.0 | 51.71 | 82.37 | 134.08 | NOTE | |
r-release-linux-x86_64 | 0.3.0 | 43.52 | 81.28 | 124.80 | NOTE | |
r-release-macos-arm64 | 0.3.0 | 50.00 | NOTE | |||
r-release-macos-x86_64 | 0.3.0 | 89.00 | NOTE | |||
r-release-windows-x86_64 | 0.3.0 | 49.00 | 134.00 | 183.00 | NOTE | |
r-oldrel-macos-arm64 | 0.3.0 | 63.00 | NOTE | |||
r-oldrel-macos-x86_64 | 0.3.0 | 89.00 | NOTE | |||
r-oldrel-windows-ix86+x86_64 | 0.3.0 | 123.00 | 151.00 | 274.00 | NOTE |
Version: 0.3.0
Check: LazyData
Result: NOTE
'LazyData' is specified without a 'data' directory
Flavors: r-devel-linux-x86_64-debian-clang, r-devel-linux-x86_64-debian-gcc, r-devel-linux-x86_64-fedora-clang, r-devel-linux-x86_64-fedora-gcc, r-devel-windows-x86_64, r-patched-linux-x86_64, r-release-linux-x86_64, r-release-macos-arm64, r-release-macos-x86_64, r-release-windows-x86_64, r-oldrel-macos-arm64, r-oldrel-macos-x86_64, r-oldrel-windows-ix86+x86_64
Version: 0.3.0
Check: package dependencies
Result: WARN
Requires (indirectly) orphaned package: ‘gtools’
Flavors: r-devel-linux-x86_64-fedora-clang, r-devel-linux-x86_64-fedora-gcc
Version: 0.3.0
Check: installed package size
Result: NOTE
installed size is 5.1Mb
sub-directories of 1Mb or more:
libs 4.9Mb
Flavor: r-oldrel-macos-arm64