CRAN Package Check Results for Package dbMC

Last updated on 2022-06-27 03:51:11 CEST.

Flavor Version Tinstall Tcheck Ttotal Status Flags
r-devel-linux-x86_64-debian-clang 1.0.0 3.67 27.63 31.30 OK
r-devel-linux-x86_64-debian-gcc 1.0.0 3.06 21.79 24.85 OK
r-devel-linux-x86_64-fedora-clang 1.0.0 50.03 NOTE
r-devel-linux-x86_64-fedora-gcc 1.0.0 48.89 NOTE
r-devel-windows-x86_64 1.0.0 12.00 57.00 69.00 OK
r-patched-linux-x86_64 1.0.0 3.86 27.21 31.07 OK
r-release-linux-x86_64 1.0.0 3.27 27.27 30.54 OK
r-release-macos-arm64 1.0.0 17.00 NOTE
r-release-macos-x86_64 1.0.0 24.00 NOTE
r-release-windows-x86_64 1.0.0 15.00 53.00 68.00 OK
r-oldrel-macos-arm64 1.0.0 23.00 NOTE
r-oldrel-macos-x86_64 1.0.0 26.00 NOTE
r-oldrel-windows-ix86+x86_64 1.0.0 7.00 43.00 50.00 OK

Check Details

Version: 1.0.0
Check: dependencies in R code
Result: NOTE
    Namespace in Imports field not imported from: ‘softImpute’
     All declared Imports should be used.
Flavors: r-devel-linux-x86_64-fedora-clang, r-devel-linux-x86_64-fedora-gcc, r-release-macos-arm64, r-release-macos-x86_64, r-oldrel-macos-arm64, r-oldrel-macos-x86_64