CRAN Package Check Results for Package datapasta

Last updated on 2024-02-21 03:57:05 CET.

Flavor Version Tinstall Tcheck Ttotal Status Flags
r-devel-linux-x86_64-debian-clang 3.1.0 NOTE
r-devel-linux-x86_64-debian-gcc 3.1.0 2.14 29.39 31.53 NOTE
r-devel-linux-x86_64-fedora-clang 3.1.0 51.79 NOTE
r-devel-linux-x86_64-fedora-gcc 3.1.0 61.59 NOTE
r-devel-windows-x86_64 3.1.0 5.00 54.00 59.00 NOTE
r-patched-linux-x86_64 3.1.0 2.36 36.52 38.88 NOTE
r-release-linux-x86_64 3.1.0 2.69 36.18 38.87 NOTE
r-release-macos-arm64 3.1.0 26.00 NOTE
r-release-macos-x86_64 3.1.0 41.00 NOTE
r-release-windows-x86_64 3.1.0 5.00 55.00 60.00 NOTE
r-oldrel-macos-arm64 3.1.0 18.00 NOTE
r-oldrel-windows-x86_64 3.1.0 6.00 55.00 61.00 NOTE

Check Details

Version: 3.1.0
Check: LazyData
Result: NOTE 'LazyData' is specified without a 'data' directory Flavors: r-devel-linux-x86_64-debian-clang, r-devel-linux-x86_64-debian-gcc, r-devel-linux-x86_64-fedora-clang, r-devel-linux-x86_64-fedora-gcc, r-devel-windows-x86_64, r-patched-linux-x86_64, r-release-linux-x86_64, r-release-macos-arm64, r-release-macos-x86_64, r-release-windows-x86_64, r-oldrel-macos-arm64, r-oldrel-windows-x86_64