CRAN Package Check Results for Package datadogr

Last updated on 2022-06-30 03:53:20 CEST.

Flavor Version Tinstall Tcheck Ttotal Status Flags
r-devel-linux-x86_64-debian-clang 0.1.2 2.52 33.37 35.89 NOTE
r-devel-linux-x86_64-debian-gcc 0.1.2 2.51 25.89 28.40 NOTE
r-devel-linux-x86_64-fedora-clang 0.1.2 54.24 NOTE
r-devel-linux-x86_64-fedora-gcc 0.1.2 53.83 NOTE
r-devel-windows-x86_64 0.1.2 14.00 61.00 75.00 NOTE
r-patched-linux-x86_64 0.1.2 2.03 31.55 33.58 NOTE
r-release-linux-x86_64 0.1.2 2.49 32.31 34.80 NOTE
r-release-macos-arm64 0.1.2 18.00 NOTE
r-release-macos-x86_64 0.1.2 31.00 NOTE
r-release-windows-x86_64 0.1.2 18.00 63.00 81.00 NOTE
r-oldrel-macos-arm64 0.1.2 22.00 NOTE
r-oldrel-macos-x86_64 0.1.2 26.00 NOTE
r-oldrel-windows-ix86+x86_64 0.1.2 7.00 50.00 57.00 NOTE

Check Details

Version: 0.1.2
Check: LazyData
Result: NOTE
     'LazyData' is specified without a 'data' directory
Flavors: r-devel-linux-x86_64-debian-clang, r-devel-linux-x86_64-debian-gcc, r-devel-linux-x86_64-fedora-clang, r-devel-linux-x86_64-fedora-gcc, r-devel-windows-x86_64, r-patched-linux-x86_64, r-release-linux-x86_64, r-release-macos-arm64, r-release-macos-x86_64, r-release-windows-x86_64, r-oldrel-macos-arm64, r-oldrel-macos-x86_64, r-oldrel-windows-ix86+x86_64