Last updated on 2022-05-16 15:53:10 CEST.
Flavor | Version | Tinstall | Tcheck | Ttotal | Status | Flags |
---|---|---|---|---|---|---|
r-devel-linux-x86_64-debian-clang | 1.0.3 | 7.13 | 58.74 | 65.87 | OK | |
r-devel-linux-x86_64-debian-gcc | 1.0.3 | 5.23 | 45.17 | 50.40 | OK | |
r-devel-linux-x86_64-fedora-clang | 1.0.3 | 77.71 | NOTE | |||
r-devel-linux-x86_64-fedora-gcc | 1.0.3 | 75.38 | NOTE | |||
r-devel-windows-x86_64 | 1.0.3 | 63.00 | 77.00 | 140.00 | OK | |
r-patched-linux-x86_64 | 1.0.3 | 8.59 | 55.86 | 64.45 | OK | |
r-release-linux-x86_64 | 1.0.3 | 3.70 | 56.06 | 59.76 | OK | |
r-release-macos-arm64 | 1.0.3 | 24.00 | NOTE | |||
r-release-macos-x86_64 | 1.0.3 | 40.00 | NOTE | |||
r-release-windows-x86_64 | 1.0.3 | 76.00 | 77.00 | 153.00 | OK | |
r-oldrel-macos-arm64 | 1.0.3 | 31.00 | NOTE | |||
r-oldrel-macos-x86_64 | 1.0.3 | 35.00 | NOTE | |||
r-oldrel-windows-ix86+x86_64 | 1.0.3 | 13.00 | 69.00 | 82.00 | OK |
Version: 1.0.3
Check: dependencies in R code
Result: NOTE
Namespace in Imports field not imported from: ‘htmltools’
All declared Imports should be used.
Flavors: r-devel-linux-x86_64-fedora-clang, r-devel-linux-x86_64-fedora-gcc, r-release-macos-arm64, r-release-macos-x86_64, r-oldrel-macos-arm64, r-oldrel-macos-x86_64