CRAN Package Check Results for Package cytofan

Last updated on 2022-05-25 15:50:31 CEST.

Flavor Version Tinstall Tcheck Ttotal Status Flags
r-devel-linux-x86_64-debian-clang 0.1.0 4.34 87.62 91.96 NOTE
r-devel-linux-x86_64-debian-gcc 0.1.0 4.23 65.14 69.37 NOTE
r-devel-linux-x86_64-fedora-clang 0.1.0 108.10 NOTE
r-devel-linux-x86_64-fedora-gcc 0.1.0 106.02 NOTE
r-devel-windows-x86_64 0.1.0 17.00 100.00 117.00 NOTE
r-patched-linux-x86_64 0.1.0 8.97 83.11 92.08 NOTE
r-release-linux-x86_64 0.1.0 NOTE
r-release-macos-arm64 0.1.0 30.00 NOTE
r-release-macos-x86_64 0.1.0 58.00 NOTE
r-release-windows-x86_64 0.1.0 16.00 99.00 115.00 NOTE
r-oldrel-macos-arm64 0.1.0 46.00 NOTE
r-oldrel-macos-x86_64 0.1.0 63.00 NOTE
r-oldrel-windows-ix86+x86_64 0.1.0 14.00 94.00 108.00 NOTE

Check Details

Version: 0.1.0
Check: LazyData
Result: NOTE
     'LazyData' is specified without a 'data' directory
Flavors: r-devel-linux-x86_64-debian-clang, r-devel-linux-x86_64-debian-gcc, r-devel-linux-x86_64-fedora-clang, r-devel-linux-x86_64-fedora-gcc, r-devel-windows-x86_64, r-patched-linux-x86_64, r-release-linux-x86_64, r-release-macos-arm64, r-release-macos-x86_64, r-release-windows-x86_64, r-oldrel-macos-arm64, r-oldrel-macos-x86_64, r-oldrel-windows-ix86+x86_64