Last updated on 2022-05-16 03:53:29 CEST.
Flavor | Version | Tinstall | Tcheck | Ttotal | Status | Flags |
---|---|---|---|---|---|---|
r-devel-linux-x86_64-debian-clang | 0.3.2 | 3.57 | 132.74 | 136.31 | NOTE | |
r-devel-linux-x86_64-debian-gcc | 0.3.2 | 3.42 | 101.18 | 104.60 | NOTE | |
r-devel-linux-x86_64-fedora-clang | 0.3.2 | 158.91 | NOTE | |||
r-devel-linux-x86_64-fedora-gcc | 0.3.2 | 158.06 | NOTE | |||
r-devel-windows-x86_64 | 0.3.2 | 38.00 | 139.00 | 177.00 | NOTE | |
r-patched-linux-x86_64 | 0.3.2 | 5.99 | 126.20 | 132.19 | NOTE | |
r-release-linux-x86_64 | 0.3.2 | 3.92 | 125.72 | 129.64 | NOTE | |
r-release-macos-arm64 | 0.3.2 | 53.00 | NOTE | |||
r-release-macos-x86_64 | 0.3.2 | 58.00 | NOTE | |||
r-release-windows-x86_64 | 0.3.2 | 34.00 | 137.00 | 171.00 | NOTE | |
r-oldrel-macos-arm64 | 0.3.2 | 55.00 | NOTE | |||
r-oldrel-macos-x86_64 | 0.3.2 | 87.00 | NOTE | |||
r-oldrel-windows-ix86+x86_64 | 0.3.2 | 9.00 | 145.00 | 154.00 | NOTE |
Version: 0.3.2
Check: DESCRIPTION meta-information
Result: NOTE
Packages listed in more than one of Depends, Imports, Suggests, Enhances:
'lattice' 'robustbase'
A package should be listed in only one of these fields.
Flavors: r-devel-linux-x86_64-debian-clang, r-devel-linux-x86_64-debian-gcc, r-devel-linux-x86_64-fedora-clang, r-devel-linux-x86_64-fedora-gcc, r-devel-windows-x86_64, r-patched-linux-x86_64, r-release-linux-x86_64, r-release-macos-arm64, r-release-macos-x86_64, r-release-windows-x86_64, r-oldrel-macos-arm64, r-oldrel-macos-x86_64, r-oldrel-windows-ix86+x86_64