CRAN Package Check Results for Package ctrialsgov

Last updated on 2022-05-21 15:49:52 CEST.

Flavor Version Tinstall Tcheck Ttotal Status Flags
r-devel-linux-x86_64-debian-clang 0.2.5 15.03 129.63 144.66 OK
r-devel-linux-x86_64-debian-gcc 0.2.5 12.65 100.44 113.09 OK
r-devel-linux-x86_64-fedora-clang 0.2.5 174.77 NOTE
r-devel-linux-x86_64-fedora-gcc 0.2.5 166.83 NOTE
r-devel-windows-x86_64 0.2.5 39.00 158.00 197.00 OK
r-patched-linux-x86_64 0.2.5 10.12 125.51 135.63 OK
r-release-linux-x86_64 0.2.5 9.66 120.65 130.31 OK
r-release-macos-arm64 0.2.5 64.00 NOTE
r-release-macos-x86_64 0.2.5 87.00 NOTE
r-release-windows-x86_64 0.2.5 32.00 145.00 177.00 OK
r-oldrel-macos-arm64 0.2.5 65.00 NOTE
r-oldrel-macos-x86_64 0.2.5 70.00 NOTE
r-oldrel-windows-ix86+x86_64 0.2.5 29.00 147.00 176.00 OK

Check Details

Version: 0.2.5
Check: data for non-ASCII characters
Result: NOTE
     Note: found 1350 marked UTF-8 strings
Flavors: r-devel-linux-x86_64-fedora-clang, r-devel-linux-x86_64-fedora-gcc, r-release-macos-arm64, r-release-macos-x86_64, r-oldrel-macos-arm64, r-oldrel-macos-x86_64