CRAN Package Check Results for Package ctmm

Last updated on 2022-05-23 03:56:54 CEST.

Flavor Version Tinstall Tcheck Ttotal Status Flags
r-devel-linux-x86_64-debian-clang 0.6.1 60.98 572.49 633.47 OK --no-vignettes
r-devel-linux-x86_64-debian-gcc 0.6.1 44.93 432.12 477.05 OK --no-vignettes
r-devel-linux-x86_64-fedora-clang 0.6.1 727.97 OK --no-vignettes
r-devel-linux-x86_64-fedora-gcc 0.6.1 731.55 OK --no-vignettes
r-devel-windows-x86_64 0.6.1 819.00 581.00 1400.00 OK --no-vignettes
r-patched-linux-x86_64 0.6.1 55.27 557.10 612.37 OK --no-vignettes
r-release-linux-x86_64 0.6.1 48.46 556.37 604.83 OK --no-vignettes
r-release-macos-arm64 0.6.1 1803.00 ERROR
r-release-macos-x86_64 0.6.1 1803.00 ERROR
r-release-windows-x86_64 0.6.1 976.00 579.00 1555.00 OK --no-vignettes
r-oldrel-macos-arm64 0.6.1 1537.00 OK
r-oldrel-macos-x86_64 0.6.1 1802.00 OK
r-oldrel-windows-ix86+x86_64 0.6.1 350.00 671.00 1021.00 OK --no-vignettes

Check Details

Version: 0.6.1
Check: re-building of vignette outputs
Result: ERROR
    Error(s) in re-building vignettes:
     ...
    --- re-building ‘akde.Rmd’ using rmarkdown
    --- finished re-building ‘akde.Rmd’
    
    --- re-building ‘error.Rmd’ using rmarkdown
    --- finished re-building ‘error.Rmd’
    
    --- re-building ‘periodogram.Rmd’ using rmarkdown
    --- finished re-building ‘periodogram.Rmd’
    
    --- re-building ‘variogram.Rmd’ using rmarkdown
    
    Execution halted
    
    * checking PDF version of manual ...* using check arguments '--no-clean-on-error '
Flavor: r-release-macos-arm64

Version: 0.6.1
Check: re-building of vignette outputs
Result: ERROR
    Error(s) in re-building vignettes:
     ...
    --- re-building ‘akde.Rmd’ using rmarkdown
    --- finished re-building ‘akde.Rmd’
    
    --- re-building ‘error.Rmd’ using rmarkdown
    
    Execution halted
    
    * checking PDF version of manual ...* using check arguments '--no-clean-on-error '
Flavor: r-release-macos-x86_64