CRAN Package Check Results for Package crossReg

Last updated on 2022-05-28 03:54:42 CEST.

Flavor Version Tinstall Tcheck Ttotal Status Flags
r-devel-linux-x86_64-debian-clang 1.0 1.91 35.59 37.50 NOTE
r-devel-linux-x86_64-debian-gcc 1.0 1.66 27.24 28.90 NOTE
r-devel-linux-x86_64-fedora-clang 1.0 46.40 NOTE
r-devel-linux-x86_64-fedora-gcc 1.0 44.05 NOTE
r-devel-windows-x86_64 1.0 7.00 53.00 60.00 NOTE
r-patched-linux-x86_64 1.0 2.24 34.52 36.76 NOTE
r-release-linux-x86_64 1.0 1.37 33.72 35.09 NOTE
r-release-macos-arm64 1.0 17.00 NOTE
r-release-macos-x86_64 1.0 21.00 NOTE
r-release-windows-x86_64 1.0 6.00 50.00 56.00 NOTE
r-oldrel-macos-arm64 1.0 24.00 NOTE
r-oldrel-macos-x86_64 1.0 28.00 NOTE
r-oldrel-windows-ix86+x86_64 1.0 5.00 44.00 49.00 NOTE

Check Details

Version: 1.0
Check: R code for possible problems
Result: NOTE
    BootC : BSs: no visible global function definition for 'lm'
    BootC : BSs: no visible global function definition for 'vcov'
    BootC: no visible global function definition for 'boot'
    BootC: no visible global function definition for 'boot.ci'
    DeltaC: no visible global function definition for 'lm'
    DeltaC: no visible global function definition for 'vcov'
    FiellerC: no visible global function definition for 'lm'
    FiellerC: no visible global function definition for 'vcov'
    nonLinearC: no visible global function definition for 'nls'
    Undefined global functions or variables:
     boot boot.ci lm nls vcov
    Consider adding
     importFrom("stats", "lm", "nls", "vcov")
    to your NAMESPACE file.
Flavors: r-devel-linux-x86_64-debian-clang, r-devel-linux-x86_64-debian-gcc, r-devel-linux-x86_64-fedora-clang, r-devel-linux-x86_64-fedora-gcc, r-devel-windows-x86_64, r-patched-linux-x86_64, r-release-linux-x86_64, r-release-macos-arm64, r-release-macos-x86_64, r-release-windows-x86_64, r-oldrel-macos-arm64, r-oldrel-macos-x86_64, r-oldrel-windows-ix86+x86_64