CRAN Package Check Results for Package crisp

Last updated on 2022-05-28 15:50:55 CEST.

Flavor Version Tinstall Tcheck Ttotal Status Flags
r-devel-linux-x86_64-debian-clang 1.0.0 5.72 76.75 82.47 NOTE
r-devel-linux-x86_64-debian-gcc 1.0.0 6.13 58.81 64.94 NOTE
r-devel-linux-x86_64-fedora-clang 1.0.0 100.44 NOTE
r-devel-linux-x86_64-fedora-gcc 1.0.0 99.47 NOTE
r-devel-windows-x86_64 1.0.0 15.00 85.00 100.00 NOTE
r-patched-linux-x86_64 1.0.0 6.37 72.99 79.36 NOTE
r-release-linux-x86_64 1.0.0 9.13 73.74 82.87 NOTE
r-release-macos-arm64 1.0.0 29.00 NOTE
r-release-macos-x86_64 1.0.0 43.00 NOTE
r-release-windows-x86_64 1.0.0 16.00 89.00 105.00 NOTE
r-oldrel-macos-arm64 1.0.0 31.00 NOTE
r-oldrel-macos-x86_64 1.0.0 59.00 NOTE
r-oldrel-windows-ix86+x86_64 1.0.0 17.00 83.00 100.00 NOTE

Check Details

Version: 1.0.0
Check: LazyData
Result: NOTE
     'LazyData' is specified without a 'data' directory
Flavors: r-devel-linux-x86_64-debian-clang, r-devel-linux-x86_64-debian-gcc, r-devel-linux-x86_64-fedora-clang, r-devel-linux-x86_64-fedora-gcc, r-devel-windows-x86_64, r-patched-linux-x86_64, r-release-linux-x86_64, r-release-macos-arm64, r-release-macos-x86_64, r-release-windows-x86_64, r-oldrel-macos-arm64, r-oldrel-macos-x86_64, r-oldrel-windows-ix86+x86_64