Last updated on 2023-11-29 15:50:11 CET.
Flavor | Version | Tinstall | Tcheck | Ttotal | Status | Flags |
---|---|---|---|---|---|---|
r-devel-linux-x86_64-debian-clang | 0.2.3 | 8.40 | 92.36 | 100.76 | OK | |
r-devel-linux-x86_64-debian-gcc | 0.2.3 | 5.44 | 70.29 | 75.73 | OK | |
r-devel-linux-x86_64-fedora-clang | 0.2.3 | 123.26 | NOTE | |||
r-devel-linux-x86_64-fedora-gcc | 0.2.3 | 128.39 | NOTE | |||
r-devel-windows-x86_64 | 0.2.3 | 9.00 | 93.00 | 102.00 | OK | |
r-patched-linux-x86_64 | 0.2.3 | 6.73 | 89.55 | 96.28 | OK | |
r-release-linux-x86_64 | 0.2.3 | 5.43 | 89.17 | 94.60 | OK | |
r-release-macos-arm64 | 0.2.3 | 52.00 | OK | |||
r-release-macos-x86_64 | 0.2.3 | 110.00 | OK | |||
r-release-windows-x86_64 | 0.2.3 | 11.00 | 106.00 | 117.00 | OK | |
r-oldrel-macos-arm64 | 0.2.3 | 47.00 | OK | |||
r-oldrel-macos-x86_64 | 0.2.3 | 70.00 | OK | |||
r-oldrel-windows-x86_64 | 0.2.3 | 12.00 | 111.00 | 123.00 | OK |
Version: 0.2.3
Check: data for non-ASCII characters
Result: NOTE
Note: found 37 marked UTF-8 strings
Flavors: r-devel-linux-x86_64-fedora-clang, r-devel-linux-x86_64-fedora-gcc