Last updated on 2022-05-20 15:52:04 CEST.
Flavor | Version | Tinstall | Tcheck | Ttotal | Status | Flags |
---|---|---|---|---|---|---|
r-devel-linux-x86_64-debian-clang | 0.0.1 | 1.63 | 43.24 | 44.87 | NOTE | |
r-devel-linux-x86_64-debian-gcc | 0.0.1 | 1.75 | 33.37 | 35.12 | NOTE | |
r-devel-linux-x86_64-fedora-clang | 0.0.1 | 55.84 | NOTE | |||
r-devel-linux-x86_64-fedora-gcc | 0.0.1 | 53.75 | NOTE | |||
r-devel-windows-x86_64 | 0.0.1 | 13.00 | 67.00 | 80.00 | NOTE | |
r-patched-linux-x86_64 | 0.0.1 | 2.21 | 41.41 | 43.62 | NOTE | |
r-release-linux-x86_64 | 0.0.1 | 2.15 | 42.50 | 44.65 | NOTE | |
r-release-macos-arm64 | 0.0.1 | 22.00 | NOTE | |||
r-release-macos-x86_64 | 0.0.1 | 27.00 | NOTE | |||
r-release-windows-x86_64 | 0.0.1 | 9.00 | 64.00 | 73.00 | NOTE | |
r-oldrel-macos-arm64 | 0.0.1 | 25.00 | NOTE | |||
r-oldrel-macos-x86_64 | 0.0.1 | 35.00 | NOTE | |||
r-oldrel-windows-ix86+x86_64 | 0.0.1 | 5.00 | 54.00 | 59.00 | NOTE |
Version: 0.0.1
Check: LazyData
Result: NOTE
'LazyData' is specified without a 'data' directory
Flavors: r-devel-linux-x86_64-debian-clang, r-devel-linux-x86_64-debian-gcc, r-devel-linux-x86_64-fedora-clang, r-devel-linux-x86_64-fedora-gcc, r-devel-windows-x86_64, r-patched-linux-x86_64, r-release-linux-x86_64, r-release-macos-arm64, r-release-macos-x86_64, r-release-windows-x86_64, r-oldrel-macos-arm64, r-oldrel-macos-x86_64, r-oldrel-windows-ix86+x86_64