CRAN Package Check Results for Package cppRouting

Last updated on 2022-07-02 15:52:16 CEST.

Flavor Version Tinstall Tcheck Ttotal Status Flags
r-devel-linux-x86_64-debian-clang 2.0 267.63 35.50 303.13 OK
r-devel-linux-x86_64-debian-gcc 2.0 198.38 27.64 226.02 OK
r-devel-linux-x86_64-fedora-clang 2.0 502.17 NOTE
r-devel-linux-x86_64-fedora-gcc 2.0 398.57 NOTE
r-devel-windows-x86_64 2.0 216.00 84.00 300.00 OK
r-patched-linux-x86_64 2.0 227.98 34.81 262.79 OK
r-release-linux-x86_64 2.0 213.60 35.07 248.67 OK
r-release-macos-arm64 2.0 88.00 NOTE
r-release-macos-x86_64 2.0 121.00 NOTE
r-release-windows-x86_64 2.0 201.00 86.00 287.00 OK
r-oldrel-macos-arm64 2.0 92.00 NOTE
r-oldrel-macos-x86_64 2.0 196.00 NOTE
r-oldrel-windows-ix86+x86_64 2.0 618.00 100.00 718.00 OK

Check Details

Version: 2.0
Check: installed package size
Result: NOTE
     installed size is 6.8Mb
     sub-directories of 1Mb or more:
     libs 6.6Mb
Flavors: r-devel-linux-x86_64-fedora-clang, r-release-macos-arm64, r-release-macos-x86_64, r-oldrel-macos-arm64, r-oldrel-macos-x86_64

Version: 2.0
Check: dependencies in R code
Result: NOTE
    Namespace in Imports field not imported from: ‘RcppProgress’
     All declared Imports should be used.
Flavors: r-devel-linux-x86_64-fedora-clang, r-devel-linux-x86_64-fedora-gcc, r-release-macos-arm64, r-release-macos-x86_64, r-oldrel-macos-arm64, r-oldrel-macos-x86_64