CRAN Package Check Results for Package covequal

Last updated on 2024-06-24 15:56:40 CEST.

Flavor Version Tinstall Tcheck Ttotal Status Flags
r-devel-linux-x86_64-debian-clang 0.1.0 1.41 24.03 25.44 NOTE
r-devel-linux-x86_64-debian-gcc 0.1.0 1.61 19.63 21.24 NOTE
r-devel-linux-x86_64-fedora-clang 0.1.0 34.34 NOTE
r-devel-linux-x86_64-fedora-gcc 0.1.0 34.00 NOTE
r-devel-windows-x86_64 0.1.0 2.00 45.00 47.00 NOTE
r-patched-linux-x86_64 0.1.0 2.23 23.72 25.95 NOTE
r-release-linux-x86_64 0.1.0 1.78 24.24 26.02 NOTE
r-release-macos-arm64 0.1.0 17.00 NOTE
r-release-macos-x86_64 0.1.0 23.00 NOTE
r-release-windows-x86_64 0.1.0 3.00 47.00 50.00 NOTE
r-oldrel-macos-arm64 0.1.0 17.00 NOTE
r-oldrel-macos-x86_64 0.1.0 23.00 NOTE
r-oldrel-windows-x86_64 0.1.0 3.00 47.00 50.00 NOTE

Check Details

Version: 0.1.0
Check: LazyData
Result: NOTE 'LazyData' is specified without a 'data' directory Flavors: r-devel-linux-x86_64-debian-clang, r-devel-linux-x86_64-debian-gcc, r-devel-linux-x86_64-fedora-clang, r-devel-linux-x86_64-fedora-gcc, r-devel-windows-x86_64, r-patched-linux-x86_64, r-release-linux-x86_64, r-release-macos-arm64, r-release-macos-x86_64, r-release-windows-x86_64, r-oldrel-macos-arm64, r-oldrel-macos-x86_64, r-oldrel-windows-x86_64