Last updated on 2022-06-25 03:50:55 CEST.
Flavor | Version | Tinstall | Tcheck | Ttotal | Status | Flags |
---|---|---|---|---|---|---|
r-devel-linux-x86_64-debian-clang | 1.2.0 | 17.42 | 96.13 | 113.55 | OK | |
r-devel-linux-x86_64-debian-gcc | 1.2.0 | 13.12 | 72.65 | 85.77 | OK | |
r-devel-linux-x86_64-fedora-clang | 1.2.0 | 155.98 | NOTE | |||
r-devel-linux-x86_64-fedora-gcc | 1.2.0 | 148.70 | NOTE | |||
r-devel-windows-x86_64 | 1.2.0 | 35.00 | 119.00 | 154.00 | OK | |
r-patched-linux-x86_64 | 1.2.0 | 16.74 | 95.73 | 112.47 | OK | |
r-release-linux-x86_64 | 1.2.0 | 19.59 | 94.31 | 113.90 | OK | |
r-release-macos-arm64 | 1.2.0 | 39.00 | NOTE | |||
r-release-macos-x86_64 | 1.2.0 | 56.00 | NOTE | |||
r-release-windows-x86_64 | 1.2.0 | 29.00 | 120.00 | 149.00 | OK | |
r-oldrel-macos-arm64 | 1.2.0 | 49.00 | NOTE | |||
r-oldrel-macos-x86_64 | 1.2.0 | 52.00 | NOTE | |||
r-oldrel-windows-ix86+x86_64 | 1.2.0 | 33.00 | 116.00 | 149.00 | OK |
Version: 1.2.0
Check: dependencies in R code
Result: NOTE
Namespace in Imports field not imported from: ‘gstat’
All declared Imports should be used.
Flavors: r-devel-linux-x86_64-fedora-clang, r-devel-linux-x86_64-fedora-gcc, r-release-macos-arm64, r-release-macos-x86_64, r-oldrel-macos-arm64, r-oldrel-macos-x86_64