Last updated on 2022-06-28 15:53:14 CEST.
Flavor | Version | Tinstall | Tcheck | Ttotal | Status | Flags |
---|---|---|---|---|---|---|
r-devel-linux-x86_64-debian-clang | 0.4.4 | 24.08 | 33.61 | 57.69 | NOTE | |
r-devel-linux-x86_64-debian-gcc | 0.4.4 | 23.26 | 26.96 | 50.22 | NOTE | |
r-devel-linux-x86_64-fedora-clang | 0.4.4 | 90.82 | NOTE | |||
r-devel-linux-x86_64-fedora-gcc | 0.4.4 | 91.95 | NOTE | |||
r-devel-windows-x86_64 | 0.4.4 | 78.00 | 79.00 | 157.00 | NOTE | |
r-patched-linux-x86_64 | 0.4.4 | 25.60 | 34.14 | 59.74 | NOTE | |
r-release-linux-x86_64 | 0.4.4 | 25.68 | 34.23 | 59.91 | NOTE | |
r-release-macos-arm64 | 0.4.4 | 27.00 | NOTE | |||
r-release-macos-x86_64 | 0.4.4 | 42.00 | NOTE | |||
r-release-windows-x86_64 | 0.4.4 | 78.00 | 79.00 | 157.00 | NOTE | |
r-oldrel-macos-arm64 | 0.4.4 | 44.00 | NOTE | |||
r-oldrel-macos-x86_64 | 0.4.4 | 51.00 | NOTE | |||
r-oldrel-windows-ix86+x86_64 | 0.4.4 | 61.00 | 81.00 | 142.00 | NOTE |
Version: 0.4.4
Check: LazyData
Result: NOTE
'LazyData' is specified without a 'data' directory
Flavors: r-devel-linux-x86_64-debian-clang, r-devel-linux-x86_64-debian-gcc, r-devel-linux-x86_64-fedora-clang, r-devel-linux-x86_64-fedora-gcc, r-devel-windows-x86_64, r-patched-linux-x86_64, r-release-linux-x86_64, r-release-macos-arm64, r-release-macos-x86_64, r-release-windows-x86_64, r-oldrel-macos-arm64, r-oldrel-macos-x86_64, r-oldrel-windows-ix86+x86_64
Version: 0.4.4
Check: installed package size
Result: NOTE
installed size is 8.4Mb
sub-directories of 1Mb or more:
libs 7.7Mb
Flavors: r-devel-linux-x86_64-fedora-clang, r-release-macos-arm64, r-release-macos-x86_64, r-oldrel-macos-arm64, r-oldrel-macos-x86_64
Version: 0.4.4
Check: package dependencies
Result: NOTE
Package suggested but not available for checking: ‘rjags’
Flavors: r-release-macos-x86_64, r-oldrel-macos-arm64
Version: 0.4.4
Check: Rd cross-references
Result: NOTE
Package unavailable to check Rd xrefs: ‘rjags’
Flavors: r-release-macos-x86_64, r-oldrel-macos-arm64