Last updated on 2022-05-24 15:52:44 CEST.
Flavor | Version | Tinstall | Tcheck | Ttotal | Status | Flags |
---|---|---|---|---|---|---|
r-devel-linux-x86_64-debian-clang | 0.8.5 | 4.77 | 57.78 | 62.55 | OK | |
r-devel-linux-x86_64-debian-gcc | 0.8.5 | 3.14 | 42.82 | 45.96 | OK | |
r-devel-linux-x86_64-fedora-clang | 0.8.5 | 73.05 | NOTE | |||
r-devel-linux-x86_64-fedora-gcc | 0.8.5 | 70.14 | NOTE | |||
r-devel-windows-x86_64 | 0.8.5 | 419.00 | 73.00 | 492.00 | OK | |
r-patched-linux-x86_64 | 0.8.5 | 3.70 | 53.36 | 57.06 | OK | |
r-release-linux-x86_64 | 0.8.5 | OK | ||||
r-release-macos-arm64 | 0.8.5 | 24.00 | NOTE | |||
r-release-macos-x86_64 | 0.8.5 | 48.00 | NOTE | |||
r-release-windows-x86_64 | 0.8.5 | 259.00 | 69.00 | 328.00 | OK | |
r-oldrel-macos-arm64 | 0.8.5 | 23.00 | NOTE | |||
r-oldrel-macos-x86_64 | 0.8.5 | 34.00 | NOTE | |||
r-oldrel-windows-ix86+x86_64 | 0.8.5 | 11.00 | 63.00 | 74.00 | OK |
Version: 0.8.5
Check: dependencies in R code
Result: NOTE
Namespaces in Imports field not imported from:
‘RColorBrewer’ ‘ggplot2’ ‘re2’ ‘rmarkdown’ ‘shinyWidgets’
‘shinydashboard’ ‘shinyjs’
All declared Imports should be used.
Flavors: r-devel-linux-x86_64-fedora-clang, r-devel-linux-x86_64-fedora-gcc, r-release-macos-arm64, r-release-macos-x86_64, r-oldrel-macos-arm64, r-oldrel-macos-x86_64