CRAN Package Check Results for Package corncob

Last updated on 2022-05-27 04:56:35 CEST.

Flavor Version Tinstall Tcheck Ttotal Status Flags
r-devel-linux-x86_64-debian-clang 0.2.0 30.47 470.56 501.03 OK
r-devel-linux-x86_64-debian-gcc 0.2.0 26.95 344.57 371.52 OK
r-devel-linux-x86_64-fedora-clang 0.2.0 631.74 NOTE
r-devel-linux-x86_64-fedora-gcc 0.2.0 583.18 NOTE
r-devel-windows-x86_64 0.2.0 56.00 447.00 503.00 OK
r-patched-linux-x86_64 0.2.0 33.99 441.62 475.61 OK
r-release-linux-x86_64 0.2.0 32.43 447.79 480.22 OK
r-release-macos-arm64 0.2.0 149.00 NOTE
r-release-macos-x86_64 0.2.0 295.00 NOTE
r-release-windows-x86_64 0.2.0 57.00 447.00 504.00 OK
r-oldrel-macos-arm64 0.2.0 189.00 NOTE
r-oldrel-macos-x86_64 0.2.0 303.00 NOTE
r-oldrel-windows-ix86+x86_64 0.2.0 71.00 478.00 549.00 OK

Check Details

Version: 0.2.0
Check: dependencies in R code
Result: NOTE
    Namespaces in Imports field not imported from:
     ‘Matrix’ ‘rmutil’
     All declared Imports should be used.
Flavors: r-devel-linux-x86_64-fedora-clang, r-devel-linux-x86_64-fedora-gcc, r-release-macos-arm64, r-release-macos-x86_64, r-oldrel-macos-arm64, r-oldrel-macos-x86_64