Last updated on 2022-05-27 15:51:37 CEST.
Flavor | Version | Tinstall | Tcheck | Ttotal | Status | Flags |
---|---|---|---|---|---|---|
r-devel-linux-x86_64-debian-clang | 0.1.1 | 44.13 | 36.01 | 80.14 | OK | |
r-devel-linux-x86_64-debian-gcc | 0.1.1 | 33.67 | 27.64 | 61.31 | OK | |
r-devel-linux-x86_64-fedora-clang | 0.1.1 | 106.85 | NOTE | |||
r-devel-linux-x86_64-fedora-gcc | 0.1.1 | 96.59 | NOTE | |||
r-devel-windows-x86_64 | 0.1.1 | 38.00 | 69.00 | 107.00 | OK | |
r-patched-linux-x86_64 | 0.1.1 | 33.57 | 34.95 | 68.52 | OK | |
r-release-linux-x86_64 | 0.1.1 | 36.30 | 34.11 | 70.41 | OK | |
r-release-macos-arm64 | 0.1.1 | 26.00 | OK | |||
r-release-macos-x86_64 | 0.1.1 | 35.00 | OK | |||
r-release-windows-x86_64 | 0.1.1 | 45.00 | 74.00 | 119.00 | OK | |
r-oldrel-macos-arm64 | 0.1.1 | 31.00 | OK | |||
r-oldrel-macos-x86_64 | 0.1.1 | 56.00 | OK | |||
r-oldrel-windows-ix86+x86_64 | 0.1.1 | 105.00 | 66.00 | 171.00 | OK |
Version: 0.1.1
Check: compiled code
Result: NOTE
File ‘cord/libs/cord.so’:
Found no calls to: ‘R_registerRoutines’, ‘R_useDynamicSymbols’
It is good practice to register native routines and to disable symbol
search.
See ‘Writing portable packages’ in the ‘Writing R Extensions’ manual.
Flavors: r-devel-linux-x86_64-fedora-clang, r-devel-linux-x86_64-fedora-gcc