CRAN Package Check Results for Package corTest

Last updated on 2022-05-20 15:52:04 CEST.

Flavor Version Tinstall Tcheck Ttotal Status Flags
r-devel-linux-x86_64-debian-clang 1.0.7 11.71 130.27 141.98 OK
r-devel-linux-x86_64-debian-gcc 1.0.7 10.58 96.75 107.33 OK
r-devel-linux-x86_64-fedora-clang 1.0.7 166.23 NOTE
r-devel-linux-x86_64-fedora-gcc 1.0.7 163.10 NOTE
r-devel-windows-x86_64 1.0.7 24.00 138.00 162.00 OK
r-patched-linux-x86_64 1.0.7 13.42 123.21 136.63 OK
r-release-linux-x86_64 1.0.7 13.04 121.10 134.14 OK
r-release-macos-arm64 1.0.7 45.00 NOTE
r-release-macos-x86_64 1.0.7 96.00 NOTE
r-release-windows-x86_64 1.0.7 24.00 136.00 160.00 OK
r-oldrel-macos-arm64 1.0.7 60.00 NOTE
r-oldrel-macos-x86_64 1.0.7 103.00 NOTE
r-oldrel-windows-ix86+x86_64 1.0.7 28.00 136.00 164.00 OK

Check Details

Version: 1.0.7
Check: dependencies in R code
Result: NOTE
    Namespace in Imports field not imported from: ‘graphics’
     All declared Imports should be used.
Flavors: r-devel-linux-x86_64-fedora-clang, r-devel-linux-x86_64-fedora-gcc, r-release-macos-arm64, r-release-macos-x86_64, r-oldrel-macos-arm64, r-oldrel-macos-x86_64