Last updated on 2023-06-10 03:56:19 CEST.
Flavor | Version | Tinstall | Tcheck | Ttotal | Status | Flags |
---|---|---|---|---|---|---|
r-devel-linux-x86_64-debian-clang | 0.1.3 | 25.53 | 238.78 | 264.31 | OK | |
r-devel-linux-x86_64-debian-gcc | 0.1.3 | 21.22 | 177.55 | 198.77 | OK | |
r-devel-linux-x86_64-fedora-clang | 0.1.3 | 346.59 | OK | |||
r-devel-linux-x86_64-fedora-gcc | 0.1.3 | 315.03 | OK | |||
r-devel-windows-x86_64 | 0.1.3 | 24.00 | 165.00 | 189.00 | OK | |
r-patched-linux-x86_64 | 0.1.3 | 19.11 | 222.85 | 241.96 | OK | |
r-release-linux-x86_64 | 0.1.3 | 17.24 | 218.20 | 235.44 | OK | |
r-release-macos-arm64 | 0.1.3 | 7.00 | ERROR | |||
r-release-macos-x86_64 | 0.1.3 | 5.00 | ERROR | |||
r-release-windows-x86_64 | 0.1.3 | 28.00 | 206.00 | 234.00 | OK | |
r-oldrel-macos-arm64 | 0.1.3 | 75.00 | OK | |||
r-oldrel-macos-x86_64 | 0.1.3 | 109.00 | OK | |||
r-oldrel-windows-x86_64 | 0.1.3 | 30.00 | 204.00 | 234.00 | OK |
Version: 0.1.3
Check: package dependencies
Result: ERROR
Package required but not available: ‘org.Mm.eg.db’
See section ‘The DESCRIPTION file’ in the ‘Writing R Extensions’
manual.
Flavors: r-release-macos-arm64, r-release-macos-x86_64