CRAN Package Check Results for Package conos

Last updated on 2022-05-23 03:56:53 CEST.

Flavor Version Tinstall Tcheck Ttotal Status Flags
r-devel-linux-x86_64-debian-clang 1.4.6 229.40 310.68 540.08 NOTE
r-devel-linux-x86_64-debian-gcc 1.4.6 173.53 207.27 380.80 NOTE
r-devel-windows-x86_64 1.4.6 192.00 323.00 515.00 NOTE
r-patched-linux-x86_64 1.4.6 155.54 258.44 413.98 NOTE
r-release-linux-x86_64 1.4.6 154.44 261.46 415.90 NOTE
r-release-macos-arm64 1.4.6 105.00 NOTE
r-release-macos-x86_64 1.4.6 242.00 NOTE
r-release-windows-x86_64 1.4.6 187.00 318.00 505.00 NOTE
r-oldrel-macos-arm64 1.4.6 134.00 NOTE
r-oldrel-macos-x86_64 1.4.6 193.00 NOTE
r-oldrel-windows-ix86+x86_64 1.4.6 529.00 389.00 918.00 NOTE

Check Details

Version: 1.4.6
Check: package dependencies
Result: NOTE
    Packages suggested but not available for checking: 'conosPanel', 'p2data'
Flavors: r-devel-linux-x86_64-debian-clang, r-devel-linux-x86_64-debian-gcc, r-devel-windows-x86_64, r-patched-linux-x86_64, r-release-linux-x86_64, r-release-macos-arm64, r-release-macos-x86_64, r-release-windows-x86_64, r-oldrel-macos-arm64, r-oldrel-macos-x86_64, r-oldrel-windows-ix86+x86_64

Version: 1.4.6
Check: installed package size
Result: NOTE
     installed size is 11.4Mb
     sub-directories of 1Mb or more:
     libs 9.7Mb
Flavors: r-release-macos-arm64, r-release-macos-x86_64, r-oldrel-macos-arm64, r-oldrel-macos-x86_64