Last updated on 2022-05-21 04:59:06 CEST.
Flavor | Version | Tinstall | Tcheck | Ttotal | Status | Flags |
---|---|---|---|---|---|---|
r-devel-linux-x86_64-debian-clang | 1.41 | 13.46 | 155.53 | 168.99 | NOTE | |
r-devel-linux-x86_64-debian-gcc | 1.41 | 9.39 | 112.62 | 122.01 | NOTE | |
r-devel-linux-x86_64-fedora-clang | 1.41 | 194.03 | NOTE | |||
r-devel-linux-x86_64-fedora-gcc | 1.41 | 188.70 | NOTE | |||
r-devel-windows-x86_64 | 1.41 | 29.00 | 176.00 | 205.00 | OK | |
r-patched-linux-x86_64 | 1.41 | 9.88 | 144.71 | 154.59 | NOTE | |
r-release-linux-x86_64 | 1.41 | 7.80 | 142.65 | 150.45 | NOTE | |
r-release-macos-arm64 | 1.41 | 48.00 | OK | |||
r-release-macos-x86_64 | 1.41 | 109.00 | OK | |||
r-release-windows-x86_64 | 1.41 | 29.00 | 167.00 | 196.00 | OK | |
r-oldrel-macos-arm64 | 1.41 | 58.00 | OK | |||
r-oldrel-macos-x86_64 | 1.41 | 80.00 | OK | |||
r-oldrel-windows-ix86+x86_64 | 1.41 | 28.00 | 171.00 | 199.00 | OK |
Version: 1.41
Check: for non-standard things in the check directory
Result: NOTE
Found the following files/directories:
'design_names.csv' 'design_numbers.csv'
'encoded_orthogonal_factorial_design.csv'
'orthogonal_factorial_design.csv'
Flavors: r-devel-linux-x86_64-debian-clang, r-devel-linux-x86_64-debian-gcc, r-devel-linux-x86_64-fedora-clang, r-devel-linux-x86_64-fedora-gcc, r-patched-linux-x86_64, r-release-linux-x86_64