CRAN Package Check Results for Package confinterpret

Last updated on 2022-09-28 15:49:50 CEST.

Flavor Version Tinstall Tcheck Ttotal Status Flags
r-devel-linux-x86_64-debian-clang 1.0.0 2.99 29.98 32.97 NOTE
r-devel-linux-x86_64-debian-gcc 1.0.0 2.42 23.23 25.65 NOTE
r-devel-linux-x86_64-fedora-clang 1.0.0 54.85 NOTE
r-devel-linux-x86_64-fedora-gcc 1.0.0 50.73 NOTE
r-devel-windows-x86_64 1.0.0 55.00 65.00 120.00 NOTE
r-patched-linux-x86_64 1.0.0 2.77 28.46 31.23 NOTE
r-release-linux-x86_64 1.0.0 3.25 28.59 31.84 NOTE
r-release-macos-arm64 1.0.0 17.00 NOTE
r-release-macos-x86_64 1.0.0 24.00 NOTE
r-release-windows-x86_64 1.0.0 42.00 62.00 104.00 NOTE
r-oldrel-macos-arm64 1.0.0 20.00 NOTE
r-oldrel-macos-x86_64 1.0.0 32.00 NOTE
r-oldrel-windows-ix86+x86_64 1.0.0 7.00 51.00 58.00 NOTE

Check Details

Version: 1.0.0
Check: LazyData
Result: NOTE
     'LazyData' is specified without a 'data' directory
Flavors: r-devel-linux-x86_64-debian-clang, r-devel-linux-x86_64-debian-gcc, r-devel-linux-x86_64-fedora-clang, r-devel-linux-x86_64-fedora-gcc, r-devel-windows-x86_64, r-patched-linux-x86_64, r-release-linux-x86_64, r-release-macos-arm64, r-release-macos-x86_64, r-release-windows-x86_64, r-oldrel-macos-arm64, r-oldrel-macos-x86_64, r-oldrel-windows-ix86+x86_64