CRAN Package Check Results for Package comprehenr

Last updated on 2022-06-28 03:51:29 CEST.

Flavor Version Tinstall Tcheck Ttotal Status Flags
r-devel-linux-x86_64-debian-clang 0.6.10 1.97 25.50 27.47 NOTE
r-devel-linux-x86_64-debian-gcc 0.6.10 1.55 20.13 21.68 NOTE
r-devel-linux-x86_64-fedora-clang 0.6.10 45.02 NOTE
r-devel-linux-x86_64-fedora-gcc 0.6.10 44.12 NOTE
r-devel-windows-x86_64 0.6.10 18.00 54.00 72.00 NOTE
r-patched-linux-x86_64 0.6.10 2.21 25.08 27.29 NOTE
r-release-linux-x86_64 0.6.10 1.45 24.83 26.28 NOTE
r-release-macos-arm64 0.6.10 17.00 NOTE
r-release-macos-x86_64 0.6.10 22.00 NOTE
r-release-windows-x86_64 0.6.10 23.00 53.00 76.00 NOTE
r-oldrel-macos-arm64 0.6.10 22.00 NOTE
r-oldrel-macos-x86_64 0.6.10 29.00 NOTE
r-oldrel-windows-ix86+x86_64 0.6.10 5.00 44.00 49.00 NOTE

Check Details

Version: 0.6.10
Check: LazyData
Result: NOTE
     'LazyData' is specified without a 'data' directory
Flavors: r-devel-linux-x86_64-debian-clang, r-devel-linux-x86_64-debian-gcc, r-devel-linux-x86_64-fedora-clang, r-devel-linux-x86_64-fedora-gcc, r-devel-windows-x86_64, r-patched-linux-x86_64, r-release-linux-x86_64, r-release-macos-arm64, r-release-macos-x86_64, r-release-windows-x86_64, r-oldrel-macos-arm64, r-oldrel-macos-x86_64, r-oldrel-windows-ix86+x86_64