CRAN Package Check Results for Package colorpatch

Last updated on 2022-06-27 15:53:41 CEST.

Flavor Version Tinstall Tcheck Ttotal Status Flags
r-devel-linux-x86_64-debian-clang 0.1.2 5.50 59.50 65.00 OK
r-devel-linux-x86_64-debian-gcc 0.1.2 4.63 45.41 50.04 OK
r-devel-linux-x86_64-fedora-clang 0.1.2 88.83 NOTE
r-devel-linux-x86_64-fedora-gcc 0.1.2 87.91 NOTE
r-devel-windows-x86_64 0.1.2 52.00 90.00 142.00 OK
r-patched-linux-x86_64 0.1.2 9.73 56.85 66.58 OK
r-release-linux-x86_64 0.1.2 4.97 56.90 61.87 OK
r-release-macos-arm64 0.1.2 27.00 NOTE
r-release-macos-x86_64 0.1.2 53.00 NOTE
r-release-windows-x86_64 0.1.2 43.00 90.00 133.00 OK
r-oldrel-macos-arm64 0.1.2 40.00 NOTE
r-oldrel-macos-x86_64 0.1.2 50.00 NOTE
r-oldrel-windows-ix86+x86_64 0.1.2 13.00 81.00 94.00 OK

Check Details

Version: 0.1.2
Check: dependencies in R code
Result: NOTE
    Namespaces in Imports field not imported from:
     ‘grid’ ‘gridExtra’
     All declared Imports should be used.
Flavors: r-devel-linux-x86_64-fedora-clang, r-devel-linux-x86_64-fedora-gcc, r-release-macos-arm64, r-release-macos-x86_64, r-oldrel-macos-arm64, r-oldrel-macos-x86_64