CRAN Package Check Results for Package colorednoise

Last updated on 2022-06-25 03:50:55 CEST.

Flavor Version Tinstall Tcheck Ttotal Status Flags
r-devel-linux-x86_64-debian-clang 1.1.0 47.01 263.29 310.30 NOTE
r-devel-linux-x86_64-debian-gcc 1.1.0 37.62 189.77 227.39 NOTE
r-devel-linux-x86_64-fedora-clang 1.1.0 389.46 NOTE
r-devel-linux-x86_64-fedora-gcc 1.1.0 392.23 NOTE
r-devel-windows-x86_64 1.1.0 62.00 327.00 389.00 NOTE
r-patched-linux-x86_64 1.1.0 36.68 235.80 272.48 NOTE
r-release-linux-x86_64 1.1.0 42.48 245.78 288.26 NOTE
r-release-macos-arm64 1.1.0 142.00 NOTE
r-release-macos-x86_64 1.1.0 160.00 NOTE
r-release-windows-x86_64 1.1.0 56.00 324.00 380.00 NOTE
r-oldrel-macos-arm64 1.1.0 163.00 NOTE
r-oldrel-macos-x86_64 1.1.0 245.00 NOTE
r-oldrel-windows-ix86+x86_64 1.1.0 122.00 370.00 492.00 NOTE

Check Details

Version: 1.1.0
Check: LazyData
Result: NOTE
     'LazyData' is specified without a 'data' directory
Flavors: r-devel-linux-x86_64-debian-clang, r-devel-linux-x86_64-debian-gcc, r-devel-linux-x86_64-fedora-clang, r-devel-linux-x86_64-fedora-gcc, r-devel-windows-x86_64, r-patched-linux-x86_64, r-release-linux-x86_64, r-release-macos-arm64, r-release-macos-x86_64, r-release-windows-x86_64, r-oldrel-macos-arm64, r-oldrel-macos-x86_64, r-oldrel-windows-ix86+x86_64