CRAN Package Check Results for Package cmsaf

Last updated on 2022-08-15 03:52:44 CEST.

Flavor Version Tinstall Tcheck Ttotal Status Flags
r-devel-linux-x86_64-debian-clang 3.4.3 3.00 26.09 29.09 NOTE
r-devel-linux-x86_64-debian-gcc 3.4.3 2.33 20.37 22.70 NOTE
r-devel-linux-x86_64-fedora-clang 3.4.3 47.65 NOTE
r-devel-linux-x86_64-fedora-gcc 3.4.3 47.87 NOTE
r-devel-windows-x86_64 3.4.3 26.00 57.00 83.00 NOTE
r-patched-linux-x86_64 3.4.3 2.83 25.41 28.24 OK
r-release-linux-x86_64 3.4.3 2.76 25.61 28.37 OK
r-release-macos-arm64 3.4.3 18.00 NOTE
r-release-macos-x86_64 3.4.3 22.00 NOTE
r-release-windows-x86_64 3.4.3 47.00 65.00 112.00 OK
r-oldrel-macos-arm64 3.4.3 18.00 NOTE
r-oldrel-macos-x86_64 3.4.3 21.00 NOTE
r-oldrel-windows-ix86+x86_64 3.4.3 10.00 44.00 54.00 OK

Check Details

Version: 3.4.3
Check: package subdirectories
Result: NOTE
    Problems with news in 'NEWS.md':
     Cannot extract version info from the following section titles:
     Older versions
Flavors: r-devel-linux-x86_64-debian-clang, r-devel-linux-x86_64-debian-gcc, r-devel-linux-x86_64-fedora-clang, r-devel-linux-x86_64-fedora-gcc, r-devel-windows-x86_64

Version: 3.4.3
Check: dependencies in R code
Result: NOTE
    Namespaces in Imports field not imported from:
     ‘FNN’ ‘R.utils’ ‘SearchTrees’ ‘colorspace’ ‘colourpicker’
     ‘data.table’ ‘fields’ ‘mapproj’ ‘maps’ ‘maptools’ ‘ncdf4’ ‘raster’
     ‘rworldxtra’ ‘shinyFiles’ ‘shinyWidgets’ ‘shinyjs’ ‘shinythemes’ ‘sp’
     ‘tcltk’ ‘xml2’
     All declared Imports should be used.
Flavors: r-devel-linux-x86_64-fedora-clang, r-devel-linux-x86_64-fedora-gcc, r-release-macos-arm64, r-release-macos-x86_64, r-oldrel-macos-arm64, r-oldrel-macos-x86_64