CRAN Package Check Results for Package cmenet

Last updated on 2024-07-20 03:48:59 CEST.

Flavor Version Tinstall Tcheck Ttotal Status Flags
r-devel-linux-x86_64-debian-clang 0.1.2 39.58 70.63 110.21 NOTE
r-devel-linux-x86_64-debian-gcc 0.1.2 24.96 53.94 78.90 NOTE
r-devel-linux-x86_64-fedora-clang 0.1.2 158.06 NOTE
r-devel-linux-x86_64-fedora-gcc 0.1.2 160.77 NOTE
r-devel-windows-x86_64 0.1.2 32.00 82.00 114.00 NOTE
r-patched-linux-x86_64 0.1.2 41.81 68.18 109.99 NOTE
r-release-linux-x86_64 0.1.2 37.87 67.40 105.27 NOTE
r-release-macos-arm64 0.1.2 44.00 NOTE
r-release-macos-x86_64 0.1.2 56.00 NOTE
r-release-windows-x86_64 0.1.2 37.00 86.00 123.00 NOTE
r-oldrel-macos-arm64 0.1.2 48.00 NOTE
r-oldrel-macos-x86_64 0.1.2 74.00 NOTE
r-oldrel-windows-x86_64 0.1.2 46.00 100.00 146.00 NOTE

Check Details

Version: 0.1.2
Check: C++ specification
Result: NOTE Specified C++11: please drop specification unless essential Flavors: r-devel-linux-x86_64-debian-clang, r-devel-linux-x86_64-debian-gcc, r-devel-linux-x86_64-fedora-clang, r-devel-linux-x86_64-fedora-gcc, r-devel-windows-x86_64, r-patched-linux-x86_64, r-release-linux-x86_64, r-release-macos-arm64, r-release-macos-x86_64, r-release-windows-x86_64, r-oldrel-macos-arm64, r-oldrel-macos-x86_64, r-oldrel-windows-x86_64

Version: 0.1.2
Check: dependencies in R code
Result: NOTE Namespace in Imports field not imported from: ‘MASS’ All declared Imports should be used. Flavors: r-devel-linux-x86_64-fedora-clang, r-devel-linux-x86_64-fedora-gcc