CRAN Package Check Results for Package clusternomics

Last updated on 2022-05-19 04:51:00 CEST.

Flavor Version Tinstall Tcheck Ttotal Status Flags
r-devel-linux-x86_64-debian-clang 0.1.1 4.66 772.22 776.88 NOTE
r-devel-linux-x86_64-debian-gcc 0.1.1 2.39 490.50 492.89 NOTE
r-devel-linux-x86_64-fedora-clang 0.1.1 866.86 NOTE
r-devel-linux-x86_64-fedora-gcc 0.1.1 902.51 NOTE
r-devel-windows-x86_64 0.1.1 40.00 41.00 81.00 NOTE --no-examples --no-tests --no-vignettes
r-patched-linux-x86_64 0.1.1 4.51 880.30 884.81 NOTE
r-release-linux-x86_64 0.1.1 4.07 764.37 768.44 NOTE
r-release-macos-arm64 0.1.1 136.00 NOTE
r-release-macos-x86_64 0.1.1 229.00 NOTE
r-release-windows-x86_64 0.1.1 41.00 43.00 84.00 NOTE --no-examples --no-tests --no-vignettes
r-oldrel-macos-arm64 0.1.1 179.00 NOTE
r-oldrel-macos-x86_64 0.1.1 418.00 NOTE
r-oldrel-windows-ix86+x86_64 0.1.1 9.00 42.00 51.00 NOTE --no-examples --no-tests --no-vignettes

Check Details

Version: 0.1.1
Check: LazyData
Result: NOTE
     'LazyData' is specified without a 'data' directory
Flavors: r-devel-linux-x86_64-debian-clang, r-devel-linux-x86_64-debian-gcc, r-devel-linux-x86_64-fedora-clang, r-devel-linux-x86_64-fedora-gcc, r-patched-linux-x86_64, r-release-linux-x86_64, r-release-macos-arm64, r-release-macos-x86_64, r-oldrel-macos-arm64, r-oldrel-macos-x86_64

Version: 0.1.1
Flags: --no-examples --no-tests --no-vignettes
Check: LazyData
Result: NOTE
     'LazyData' is specified without a 'data' directory
Flavors: r-devel-windows-x86_64, r-release-windows-x86_64, r-oldrel-windows-ix86+x86_64