CRAN Package Check Results for Package clusterHD

Last updated on 2024-05-25 15:49:38 CEST.

Flavor Version Tinstall Tcheck Ttotal Status Flags
r-devel-linux-x86_64-debian-clang 1.0.2 36.41 33.98 70.39 NOTE
r-devel-linux-x86_64-debian-gcc 1.0.2 23.31 26.43 49.74 NOTE
r-devel-linux-x86_64-fedora-clang 1.0.2 100.76 NOTE
r-devel-linux-x86_64-fedora-gcc 1.0.2 97.74 NOTE
r-devel-windows-x86_64 1.0.2 28.00 64.00 92.00 NOTE
r-patched-linux-x86_64 1.0.2 31.43 32.62 64.05 NOTE
r-release-linux-x86_64 1.0.2 36.18 33.14 69.32 NOTE
r-release-macos-arm64 1.0.2 26.00 NOTE
r-release-windows-x86_64 1.0.2 29.00 66.00 95.00 NOTE
r-oldrel-macos-arm64 1.0.2 29.00 NOTE
r-oldrel-macos-x86_64 1.0.2 44.00 NOTE
r-oldrel-windows-x86_64 1.0.2 35.00 77.00 112.00 NOTE

Check Details

Version: 1.0.2
Check: C++ specification
Result: NOTE Specified C++11: please drop specification unless essential Flavors: r-devel-linux-x86_64-debian-clang, r-devel-linux-x86_64-debian-gcc, r-devel-linux-x86_64-fedora-clang, r-devel-linux-x86_64-fedora-gcc, r-devel-windows-x86_64, r-patched-linux-x86_64, r-release-linux-x86_64, r-release-macos-arm64, r-release-windows-x86_64, r-oldrel-macos-arm64, r-oldrel-macos-x86_64, r-oldrel-windows-x86_64

Version: 1.0.2
Check: Rd files
Result: NOTE checkRd: (-1) HTKmeans.Rd:62: Lost braces 62 | \item{centers }{A matrix of cluster centres.} | ^ checkRd: (-1) HTKmeans.Rd:62: Lost braces 62 | \item{centers }{A matrix of cluster centres.} | ^ checkRd: (-1) HTKmeans.Rd:63: Lost braces 63 | \item{cluster }{A vector of integers (from 1:\code{k}) indicating the cluster to which each point is allocated.} | ^ checkRd: (-1) HTKmeans.Rd:63: Lost braces 63 | \item{cluster }{A vector of integers (from 1:\code{k}) indicating the cluster to which each point is allocated.} | ^ checkRd: (-1) HTKmeans.Rd:64: Lost braces 64 | \item{itnb }{The number of iterations executed until convergence} | ^ checkRd: (-1) HTKmeans.Rd:64: Lost braces 64 | \item{itnb }{The number of iterations executed until convergence} | ^ checkRd: (-1) HTKmeans.Rd:65: Lost braces 65 | \item{converged }{Whether the algorithm stopped by converging or through reaching the maximum number of itertions.} | ^ checkRd: (-1) HTKmeans.Rd:65: Lost braces 65 | \item{converged }{Whether the algorithm stopped by converging or through reaching the maximum number of itertions.} | ^ Flavors: r-devel-linux-x86_64-debian-clang, r-devel-linux-x86_64-debian-gcc, r-devel-linux-x86_64-fedora-clang, r-devel-linux-x86_64-fedora-gcc, r-devel-windows-x86_64, r-patched-linux-x86_64, r-release-linux-x86_64, r-release-macos-arm64, r-release-windows-x86_64