CRAN Package Check Results for Package clusterCrit

Last updated on 2022-07-02 15:52:15 CEST.

Flavor Version Tinstall Tcheck Ttotal Status Flags
r-devel-linux-x86_64-debian-clang 1.2.8 6.31 31.74 38.05 OK
r-devel-linux-x86_64-debian-gcc 1.2.8 5.90 24.68 30.58 OK
r-devel-linux-x86_64-fedora-clang 1.2.8 59.93 NOTE
r-devel-linux-x86_64-fedora-gcc 1.2.8 59.54 NOTE
r-devel-windows-x86_64 1.2.8 92.00 82.00 174.00 OK
r-patched-linux-x86_64 1.2.8 6.94 31.07 38.01 OK
r-release-linux-x86_64 1.2.8 6.21 30.66 36.87 OK
r-release-macos-arm64 1.2.8 27.00 OK
r-release-macos-x86_64 1.2.8 34.00 OK
r-release-windows-x86_64 1.2.8 163.00 88.00 251.00 OK
r-oldrel-macos-arm64 1.2.8 34.00 OK
r-oldrel-macos-x86_64 1.2.8 46.00 OK
r-oldrel-windows-ix86+x86_64 1.2.8 19.00 59.00 78.00 OK

Check Details

Version: 1.2.8
Check: top-level files
Result: NOTE
     possible bashism in cleanup line 15 (brace expansion):
     rm -f src/*.{o,so,mod}
     possible bashism in cleanup line 17 (brace expansion):
     rm -f config.{log,status}
     possible bashism in cleanup line 22 (brace expansion):
     rm -f vignettes/*.{tex,aux,bbl,blg,log,toc,idx,ind,ilg,out,synctex.gz}
Flavors: r-devel-linux-x86_64-fedora-clang, r-devel-linux-x86_64-fedora-gcc