CRAN Package Check Results for Package clespr

Last updated on 2023-06-10 03:56:18 CEST.

Flavor Version Tinstall Tcheck Ttotal Status Flags
r-devel-linux-x86_64-debian-clang 1.1.2 8.14 83.21 91.35 NOTE
r-devel-linux-x86_64-debian-gcc 1.1.2 8.51 64.38 72.89 NOTE
r-devel-linux-x86_64-fedora-clang 1.1.2 119.20 NOTE
r-devel-linux-x86_64-fedora-gcc 1.1.2 113.71 NOTE
r-devel-windows-x86_64 1.1.2 12.00 76.00 88.00 NOTE
r-patched-linux-x86_64 1.1.2 9.61 80.83 90.44 NOTE
r-release-linux-x86_64 1.1.2 9.29 80.12 89.41 NOTE
r-release-macos-arm64 1.1.2 40.00 NOTE
r-release-macos-x86_64 1.1.2 59.00 NOTE
r-release-windows-x86_64 1.1.2 13.00 90.00 103.00 NOTE
r-oldrel-macos-arm64 1.1.2 36.00 NOTE
r-oldrel-macos-x86_64 1.1.2 58.00 NOTE
r-oldrel-windows-x86_64 1.1.2 14.00 94.00 108.00 NOTE

Check Details

Version: 1.1.2
Check: LazyData
Result: NOTE
     'LazyData' is specified without a 'data' directory
Flavors: r-devel-linux-x86_64-debian-clang, r-devel-linux-x86_64-debian-gcc, r-devel-linux-x86_64-fedora-clang, r-devel-linux-x86_64-fedora-gcc, r-devel-windows-x86_64, r-patched-linux-x86_64, r-release-linux-x86_64, r-release-macos-arm64, r-release-macos-x86_64, r-release-windows-x86_64, r-oldrel-macos-arm64, r-oldrel-macos-x86_64, r-oldrel-windows-x86_64