Last updated on 2022-05-20 15:52:03 CEST.
Flavor | Version | Tinstall | Tcheck | Ttotal | Status | Flags |
---|---|---|---|---|---|---|
r-devel-linux-x86_64-debian-clang | 1.1.2 | 9.08 | 88.24 | 97.32 | NOTE | |
r-devel-linux-x86_64-debian-gcc | 1.1.2 | 8.17 | 67.22 | 75.39 | NOTE | |
r-devel-linux-x86_64-fedora-clang | 1.1.2 | 118.88 | NOTE | |||
r-devel-linux-x86_64-fedora-gcc | 1.1.2 | 116.80 | NOTE | |||
r-devel-windows-x86_64 | 1.1.2 | 15.00 | 104.00 | 119.00 | NOTE | |
r-patched-linux-x86_64 | 1.1.2 | 9.96 | 85.27 | 95.23 | NOTE | |
r-release-linux-x86_64 | 1.1.2 | 8.10 | 85.61 | 93.71 | NOTE | |
r-release-macos-arm64 | 1.1.2 | 36.00 | NOTE | |||
r-release-macos-x86_64 | 1.1.2 | 58.00 | NOTE | |||
r-release-windows-x86_64 | 1.1.2 | 16.00 | 107.00 | 123.00 | NOTE | |
r-oldrel-macos-arm64 | 1.1.2 | 53.00 | NOTE | |||
r-oldrel-macos-x86_64 | 1.1.2 | 72.00 | NOTE | |||
r-oldrel-windows-ix86+x86_64 | 1.1.2 | 20.00 | 100.00 | 120.00 | NOTE |
Version: 1.1.2
Check: LazyData
Result: NOTE
'LazyData' is specified without a 'data' directory
Flavors: r-devel-linux-x86_64-debian-clang, r-devel-linux-x86_64-debian-gcc, r-devel-linux-x86_64-fedora-clang, r-devel-linux-x86_64-fedora-gcc, r-devel-windows-x86_64, r-patched-linux-x86_64, r-release-linux-x86_64, r-release-macos-arm64, r-release-macos-x86_64, r-release-windows-x86_64, r-oldrel-macos-arm64, r-oldrel-macos-x86_64, r-oldrel-windows-ix86+x86_64