Last updated on 2022-05-24 03:55:07 CEST.
Flavor | Version | Tinstall | Tcheck | Ttotal | Status | Flags |
---|---|---|---|---|---|---|
r-devel-linux-x86_64-debian-clang | 1.2.0 | 120.82 | 72.20 | 193.02 | OK | |
r-devel-linux-x86_64-debian-gcc | 1.2.0 | 96.25 | 56.01 | 152.26 | OK | |
r-devel-linux-x86_64-fedora-clang | 1.2.0 | 275.90 | NOTE | |||
r-devel-linux-x86_64-fedora-gcc | 1.2.0 | 253.96 | OK | |||
r-devel-windows-x86_64 | 1.2.0 | 89.00 | 161.00 | 250.00 | OK | |
r-patched-linux-x86_64 | 1.2.0 | 103.49 | 76.55 | 180.04 | OK | |
r-release-linux-x86_64 | 1.2.0 | OK | ||||
r-release-macos-arm64 | 1.2.0 | 69.00 | NOTE | |||
r-release-macos-x86_64 | 1.2.0 | 93.00 | NOTE | |||
r-release-windows-x86_64 | 1.2.0 | 87.00 | 171.00 | 258.00 | OK | |
r-oldrel-macos-arm64 | 1.2.0 | 88.00 | NOTE | |||
r-oldrel-macos-x86_64 | 1.2.0 | 141.00 | NOTE | |||
r-oldrel-windows-ix86+x86_64 | 1.2.0 | 259.00 | 145.00 | 404.00 | OK |
Version: 1.2.0
Check: installed package size
Result: NOTE
installed size is 19.6Mb
sub-directories of 1Mb or more:
libs 18.7Mb
Flavors: r-devel-linux-x86_64-fedora-clang, r-release-macos-arm64, r-release-macos-x86_64, r-oldrel-macos-arm64, r-oldrel-macos-x86_64