Last updated on 2022-08-08 15:55:09 CEST.
Flavor | Version | Tinstall | Tcheck | Ttotal | Status | Flags |
---|---|---|---|---|---|---|
r-devel-linux-x86_64-debian-clang | 1.5.3 | 7.01 | 52.27 | 59.28 | OK | |
r-devel-linux-x86_64-debian-gcc | 1.5.3 | 4.85 | 39.07 | 43.92 | OK | |
r-devel-linux-x86_64-fedora-clang | 1.5.3 | 78.75 | OK | |||
r-devel-linux-x86_64-fedora-gcc | 1.5.3 | 79.13 | OK | |||
r-devel-windows-x86_64 | 1.5.3 | 22.00 | 67.00 | 89.00 | WARN | |
r-patched-linux-x86_64 | 1.5.3 | 5.76 | 49.25 | 55.01 | OK | |
r-release-linux-x86_64 | 1.5.3 | OK | ||||
r-release-macos-arm64 | 1.5.3 | 22.00 | OK | |||
r-release-macos-x86_64 | 1.5.3 | 35.00 | OK | |||
r-release-windows-x86_64 | 1.5.3 | 19.00 | 72.00 | 91.00 | WARN | |
r-oldrel-macos-arm64 | 1.5.3 | 24.00 | OK | |||
r-oldrel-macos-x86_64 | 1.5.3 | 30.00 | OK | |||
r-oldrel-windows-ix86+x86_64 | 1.5.3 | 13.00 | 69.00 | 82.00 | OK |
Version: 1.5.3
Check: R files for syntax errors
Result: WARN
Warnings in file 'R/currency.R':
unable to translate '<U+20AC>' to native encoding
unable to translate '<U+00A5>' to native encoding
unable to translate '<U+00A3>' to native encoding
Flavors: r-devel-windows-x86_64, r-release-windows-x86_64