CRAN Package Check Results for Package clda

Last updated on 2022-05-28 03:54:41 CEST.

Flavor Version Tinstall Tcheck Ttotal Status Flags
r-devel-linux-x86_64-debian-clang 0.1 1.61 30.50 32.11 NOTE
r-devel-linux-x86_64-debian-gcc 0.1 1.46 23.98 25.44 NOTE
r-devel-linux-x86_64-fedora-clang 0.1 40.08 NOTE
r-devel-linux-x86_64-fedora-gcc 0.1 38.47 NOTE
r-devel-windows-x86_64 0.1 6.00 46.00 52.00 NOTE
r-patched-linux-x86_64 0.1 1.93 29.30 31.23 NOTE
r-release-linux-x86_64 0.1 1.59 29.36 30.95 NOTE
r-release-macos-arm64 0.1 13.00 NOTE
r-release-macos-x86_64 0.1 27.00 NOTE
r-release-windows-x86_64 0.1 5.00 46.00 51.00 NOTE
r-oldrel-macos-arm64 0.1 28.00 NOTE
r-oldrel-macos-x86_64 0.1 24.00 NOTE
r-oldrel-windows-ix86+x86_64 0.1 5.00 38.00 43.00 NOTE

Check Details

Version: 0.1
Check: LazyData
Result: NOTE
     'LazyData' is specified without a 'data' directory
Flavors: r-devel-linux-x86_64-debian-clang, r-devel-linux-x86_64-debian-gcc, r-devel-linux-x86_64-fedora-clang, r-devel-linux-x86_64-fedora-gcc, r-devel-windows-x86_64, r-patched-linux-x86_64, r-release-linux-x86_64, r-release-macos-arm64, r-release-macos-x86_64, r-release-windows-x86_64, r-oldrel-macos-arm64, r-oldrel-macos-x86_64, r-oldrel-windows-ix86+x86_64