Last updated on 2022-05-18 15:48:59 CEST.
Flavor | Version | Tinstall | Tcheck | Ttotal | Status | Flags |
---|---|---|---|---|---|---|
r-devel-linux-x86_64-debian-clang | 1.2.0 | 14.85 | 623.62 | 638.47 | OK | |
r-devel-linux-x86_64-debian-gcc | 1.2.0 | 11.44 | 484.24 | 495.68 | OK | |
r-devel-linux-x86_64-fedora-clang | 1.2.0 | 736.63 | NOTE | |||
r-devel-linux-x86_64-fedora-gcc | 1.2.0 | 781.12 | NOTE | |||
r-devel-windows-x86_64 | 1.2.0 | 46.00 | 669.00 | 715.00 | OK | |
r-patched-linux-x86_64 | 1.2.0 | 12.94 | 630.11 | 643.05 | OK | |
r-release-linux-x86_64 | 1.2.0 | 12.28 | 635.98 | 648.26 | OK | |
r-release-macos-arm64 | 1.2.0 | 313.00 | NOTE | |||
r-release-macos-x86_64 | 1.2.0 | 519.00 | NOTE | |||
r-release-windows-x86_64 | 1.2.0 | 54.00 | 726.00 | 780.00 | OK | |
r-oldrel-macos-arm64 | 1.2.0 | 322.00 | NOTE | |||
r-oldrel-macos-x86_64 | 1.2.0 | 426.00 | NOTE | |||
r-oldrel-windows-ix86+x86_64 | 1.2.0 | 29.00 | 153.00 | 182.00 | OK |
Version: 1.2.0
Check: data for non-ASCII characters
Result: NOTE
Note: found 9 marked UTF-8 strings
Flavors: r-devel-linux-x86_64-fedora-clang, r-devel-linux-x86_64-fedora-gcc, r-release-macos-arm64, r-release-macos-x86_64, r-oldrel-macos-arm64, r-oldrel-macos-x86_64