Last updated on 2022-05-21 15:49:51 CEST.
Flavor | Version | Tinstall | Tcheck | Ttotal | Status | Flags |
---|---|---|---|---|---|---|
r-devel-linux-x86_64-debian-clang | 0.7 | 5.37 | 143.12 | 148.49 | OK | |
r-devel-linux-x86_64-debian-gcc | 0.7 | 3.86 | 104.30 | 108.16 | OK | |
r-devel-linux-x86_64-fedora-clang | 0.7 | 180.98 | OK | |||
r-devel-linux-x86_64-fedora-gcc | 0.7 | 178.35 | OK | |||
r-devel-windows-x86_64 | 0.7 | 22.00 | 174.00 | 196.00 | OK | |
r-patched-linux-x86_64 | 0.7 | 6.14 | 134.16 | 140.30 | OK | |
r-release-linux-x86_64 | 0.7 | 3.99 | 134.63 | 138.62 | OK | |
r-release-macos-arm64 | 0.7 | 29.00 | NOTE | |||
r-release-macos-x86_64 | 0.7 | 85.00 | OK | |||
r-release-windows-x86_64 | 0.7 | 23.00 | 178.00 | 201.00 | OK | |
r-oldrel-macos-arm64 | 0.7 | 53.00 | NOTE | |||
r-oldrel-macos-x86_64 | 0.7 | 81.00 | NOTE | |||
r-oldrel-windows-ix86+x86_64 | 0.7 | 13.00 | 164.00 | 177.00 | OK |
Version: 0.7
Check: package dependencies
Result: NOTE
Packages suggested but not available for checking:
'Biobase', 'annotate', 'GO.db', 'moe430a.db'
Flavor: r-release-macos-arm64
Version: 0.7
Check: package dependencies
Result: NOTE
Packages suggested but not available for checking: 'GO.db', 'moe430a.db'
Flavors: r-oldrel-macos-arm64, r-oldrel-macos-x86_64