CRAN Package Check Results for Package chorrrds

Last updated on 2022-05-16 03:53:28 CEST.

Flavor Version Tinstall Tcheck Ttotal Status Flags
r-devel-linux-x86_64-debian-clang 0.1.9.5 7.92 56.25 64.17 OK
r-devel-linux-x86_64-debian-gcc 0.1.9.5 7.07 43.92 50.99 OK
r-devel-linux-x86_64-fedora-clang 0.1.9.5 84.07 NOTE
r-devel-linux-x86_64-fedora-gcc 0.1.9.5 76.25 NOTE
r-devel-windows-x86_64 0.1.9.5 23.00 89.00 112.00 OK
r-patched-linux-x86_64 0.1.9.5 6.79 54.41 61.20 OK
r-release-linux-x86_64 0.1.9.5 6.34 53.34 59.68 OK
r-release-macos-arm64 0.1.9.5 32.00 NOTE
r-release-macos-x86_64 0.1.9.5 52.00 NOTE
r-release-windows-x86_64 0.1.9.5 20.00 75.00 95.00 OK
r-oldrel-macos-arm64 0.1.9.5 38.00 NOTE
r-oldrel-macos-x86_64 0.1.9.5 59.00 NOTE
r-oldrel-windows-ix86+x86_64 0.1.9.5 16.00 69.00 85.00 OK

Additional issues

donttest

Check Details

Version: 0.1.9.5
Check: dependencies in R code
Result: NOTE
    Namespace in Imports field not imported from: ‘forcats’
     All declared Imports should be used.
Flavors: r-devel-linux-x86_64-fedora-clang, r-devel-linux-x86_64-fedora-gcc, r-release-macos-arm64, r-release-macos-x86_64, r-oldrel-macos-arm64, r-oldrel-macos-x86_64

Version: 0.1.9.5
Check: data for non-ASCII characters
Result: NOTE
     Note: found 4004 marked UTF-8 strings
Flavors: r-devel-linux-x86_64-fedora-clang, r-devel-linux-x86_64-fedora-gcc, r-release-macos-arm64, r-release-macos-x86_64, r-oldrel-macos-arm64, r-oldrel-macos-x86_64