CRAN Package Check Results for Package choroplethrAdmin1

Last updated on 2024-07-20 03:48:58 CEST.

Flavor Version Tinstall Tcheck Ttotal Status Flags
r-devel-linux-x86_64-debian-clang 1.1.1 5.02 55.41 60.43 OK
r-devel-linux-x86_64-debian-gcc 1.1.1 4.70 42.24 46.94 OK
r-devel-linux-x86_64-fedora-clang 1.1.1 73.57 NOTE
r-devel-linux-x86_64-fedora-gcc 1.1.1 71.13 OK
r-devel-windows-x86_64 1.1.1 8.00 66.00 74.00 NOTE
r-patched-linux-x86_64 1.1.1 6.61 52.74 59.35 OK
r-release-linux-x86_64 1.1.1 5.88 51.62 57.50 OK
r-release-macos-arm64 1.1.1 27.00 NOTE
r-release-macos-x86_64 1.1.1 40.00 NOTE
r-release-windows-x86_64 1.1.1 8.00 66.00 74.00 NOTE
r-oldrel-macos-arm64 1.1.1 28.00 NOTE
r-oldrel-macos-x86_64 1.1.1 42.00 NOTE
r-oldrel-windows-x86_64 1.1.1 9.00 69.00 78.00 NOTE

Check Details

Version: 1.1.1
Check: installed package size
Result: NOTE installed size is 18.0Mb sub-directories of 1Mb or more: data 17.9Mb Flavors: r-devel-linux-x86_64-fedora-clang, r-devel-windows-x86_64, r-release-macos-arm64, r-release-macos-x86_64, r-release-windows-x86_64, r-oldrel-macos-arm64, r-oldrel-macos-x86_64, r-oldrel-windows-x86_64