CRAN Package Check Results for Package chinese.misc

Last updated on 2022-06-25 03:50:54 CEST.

Flavor Version Tinstall Tcheck Ttotal Status Flags
r-devel-linux-x86_64-debian-clang 0.2.3 12.08 83.28 95.36 NOTE
r-devel-linux-x86_64-debian-gcc 0.2.3 9.08 66.09 75.17 NOTE
r-devel-linux-x86_64-fedora-clang 0.2.3 121.07 NOTE
r-devel-linux-x86_64-fedora-gcc 0.2.3 128.55 NOTE
r-devel-windows-x86_64 0.2.3 59.00 115.00 174.00 NOTE
r-patched-linux-x86_64 0.2.3 10.62 85.39 96.01 NOTE
r-release-linux-x86_64 0.2.3 11.11 85.07 96.18 NOTE
r-release-macos-arm64 0.2.3 32.00 NOTE
r-release-macos-x86_64 0.2.3 58.00 NOTE
r-release-windows-x86_64 0.2.3 67.00 121.00 188.00 NOTE
r-oldrel-macos-arm64 0.2.3 39.00 NOTE
r-oldrel-macos-x86_64 0.2.3 81.00 NOTE
r-oldrel-windows-ix86+x86_64 0.2.3 28.00 115.00 143.00 NOTE

Check Details

Version: 0.2.3
Check: LazyData
Result: NOTE
     'LazyData' is specified without a 'data' directory
Flavors: r-devel-linux-x86_64-debian-clang, r-devel-linux-x86_64-debian-gcc, r-devel-linux-x86_64-fedora-clang, r-devel-linux-x86_64-fedora-gcc, r-devel-windows-x86_64, r-patched-linux-x86_64, r-release-linux-x86_64, r-release-macos-arm64, r-release-macos-x86_64, r-release-windows-x86_64, r-oldrel-macos-arm64, r-oldrel-macos-x86_64, r-oldrel-windows-ix86+x86_64