Last updated on 2023-06-10 03:56:18 CEST.
Flavor | Version | Tinstall | Tcheck | Ttotal | Status | Flags |
---|---|---|---|---|---|---|
r-devel-linux-x86_64-debian-clang | 0.72.8 | 41.54 | 294.44 | 335.98 | OK | |
r-devel-linux-x86_64-debian-gcc | 0.72.8 | 35.00 | 212.13 | 247.13 | OK | |
r-devel-linux-x86_64-fedora-clang | 0.72.8 | 408.01 | NOTE | |||
r-devel-linux-x86_64-fedora-gcc | 0.72.8 | 407.57 | OK | |||
r-devel-windows-x86_64 | 0.72.8 | 36.00 | 269.00 | 305.00 | OK | |
r-patched-linux-x86_64 | 0.72.8 | 42.40 | 273.84 | 316.24 | OK | |
r-release-linux-x86_64 | 0.72.8 | 37.23 | 274.87 | 312.10 | OK | |
r-release-macos-arm64 | 0.72.8 | 116.00 | OK | |||
r-release-macos-x86_64 | 0.72.8 | 199.00 | OK | |||
r-release-windows-x86_64 | 0.72.8 | 50.00 | 341.00 | 391.00 | OK | |
r-oldrel-macos-arm64 | 0.72.8 | 98.00 | OK | |||
r-oldrel-macos-x86_64 | 0.72.8 | 140.00 | OK | |||
r-oldrel-windows-x86_64 | 0.72.8 | 44.00 | 312.00 | 356.00 | OK |
Version: 0.72.8
Check: package dependencies
Result: NOTE
Imports includes 25 non-default packages.
Importing from so many packages makes the package vulnerable to any of
them becoming unavailable. Move as many as possible to Suggests and
use conditionally.
Flavor: r-devel-linux-x86_64-fedora-clang