CRAN Package Check Results for Package chillR

Last updated on 2022-05-28 03:54:41 CEST.

Flavor Version Tinstall Tcheck Ttotal Status Flags
r-devel-linux-x86_64-debian-clang 0.72.7 42.19 287.33 329.52 OK
r-devel-linux-x86_64-debian-gcc 0.72.7 28.46 207.73 236.19 OK
r-devel-linux-x86_64-fedora-clang 0.72.7 387.56 NOTE
r-devel-linux-x86_64-fedora-gcc 0.72.7 371.25 OK
r-devel-windows-x86_64 0.72.7 79.00 347.00 426.00 OK
r-patched-linux-x86_64 0.72.7 31.56 210.01 241.57 OK
r-release-linux-x86_64 0.72.7 25.00 268.02 293.02 OK
r-release-macos-arm64 0.72.7 97.00 OK
r-release-macos-x86_64 0.72.7 183.00 OK
r-release-windows-x86_64 0.72.7 83.00 343.00 426.00 OK
r-oldrel-macos-arm64 0.72.7 103.00 OK
r-oldrel-macos-x86_64 0.72.7 146.00 OK
r-oldrel-windows-ix86+x86_64 0.72.7 89.00 468.00 557.00 OK

Check Details

Version: 0.72.7
Check: package dependencies
Result: NOTE
    Imports includes 25 non-default packages.
    Importing from so many packages makes the package vulnerable to any of
    them becoming unavailable. Move as many as possible to Suggests and
    use conditionally.
Flavor: r-devel-linux-x86_64-fedora-clang