Last updated on 2022-05-23 03:56:52 CEST.
Flavor | Version | Tinstall | Tcheck | Ttotal | Status | Flags |
---|---|---|---|---|---|---|
r-devel-linux-x86_64-debian-clang | 1.4.2 | 7.04 | 154.76 | 161.80 | NOTE | |
r-devel-linux-x86_64-debian-gcc | 1.4.2 | 6.22 | 114.31 | 120.53 | NOTE | |
r-devel-linux-x86_64-fedora-clang | 1.4.2 | 201.70 | NOTE | |||
r-devel-linux-x86_64-fedora-gcc | 1.4.2 | 189.95 | NOTE | |||
r-devel-windows-x86_64 | 1.4.2 | 113.00 | 203.00 | 316.00 | OK | |
r-patched-linux-x86_64 | 1.4.2 | 8.97 | 151.92 | 160.89 | NOTE | |
r-release-linux-x86_64 | 1.4.2 | 6.23 | 128.50 | 134.73 | NOTE | |
r-release-macos-arm64 | 1.4.2 | 55.00 | OK | |||
r-release-macos-x86_64 | 1.4.2 | 93.00 | OK | |||
r-release-windows-x86_64 | 1.4.2 | 93.00 | 212.00 | 305.00 | OK | |
r-oldrel-macos-arm64 | 1.4.2 | 69.00 | OK | |||
r-oldrel-macos-x86_64 | 1.4.2 | 138.00 | OK | |||
r-oldrel-windows-ix86+x86_64 | 1.4.2 | 14.00 | 176.00 | 190.00 | OK |
Version: 1.4.2
Check: for non-standard things in the check directory
Result: NOTE
Found the following files/directories:
'stepres00.txt'
Flavors: r-devel-linux-x86_64-debian-clang, r-devel-linux-x86_64-debian-gcc, r-devel-linux-x86_64-fedora-clang, r-devel-linux-x86_64-fedora-gcc, r-patched-linux-x86_64, r-release-linux-x86_64