CRAN Package Check Results for Package cheem

Last updated on 2022-09-25 15:56:38 CEST.

Flavor Version Tinstall Tcheck Ttotal Status Flags
r-devel-linux-x86_64-debian-clang 0.2.0 41.55 161.03 202.58 WARN
r-devel-linux-x86_64-debian-gcc 0.2.0 31.31 126.99 158.30 OK
r-devel-linux-x86_64-fedora-clang 0.2.0 265.57 WARN
r-devel-linux-x86_64-fedora-gcc 0.2.0 248.12 NOTE
r-devel-windows-x86_64 0.2.0 134.00 227.00 361.00 OK
r-patched-linux-x86_64 0.2.0 23.35 145.37 168.72 OK
r-release-linux-x86_64 0.2.0 23.55 150.10 173.65 OK
r-release-macos-arm64 0.2.0 77.00 NOTE
r-release-macos-x86_64 0.2.0 121.00 NOTE
r-release-windows-x86_64 0.2.0 179.00 213.00 392.00 OK
r-oldrel-macos-arm64 0.2.0 87.00 NOTE
r-oldrel-macos-x86_64 0.2.0 89.00 NOTE
r-oldrel-windows-ix86+x86_64 0.2.0 96.00 314.00 410.00 OK

Additional issues

clang14

Check Details

Version: 0.2.0
Check: whether package can be installed
Result: WARN
    Found the following significant warnings:
     treeshap.cpp:148:9: warning: use of bitwise '|' with boolean operands [-Wbitwise-instead-of-logical]
Flavors: r-devel-linux-x86_64-debian-clang, r-devel-linux-x86_64-fedora-clang

Version: 0.2.0
Check: dependencies in R code
Result: NOTE
    Namespaces in Imports field not imported from:
     ‘DT’ ‘shinycssloaders’ ‘shinythemes’
     All declared Imports should be used.
Flavors: r-devel-linux-x86_64-fedora-clang, r-devel-linux-x86_64-fedora-gcc, r-release-macos-arm64, r-release-macos-x86_64, r-oldrel-macos-arm64, r-oldrel-macos-x86_64