CRAN Package Check Results for Package changepointsVar

Last updated on 2022-05-28 15:50:53 CEST.

Flavor Version Tinstall Tcheck Ttotal Status Flags
r-devel-linux-x86_64-debian-clang 0.1.0 2.37 33.95 36.32 NOTE
r-devel-linux-x86_64-debian-gcc 0.1.0 2.14 26.19 28.33 NOTE
r-devel-linux-x86_64-fedora-clang 0.1.0 44.01 NOTE
r-devel-linux-x86_64-fedora-gcc 0.1.0 42.96 NOTE
r-devel-windows-x86_64 0.1.0 11.00 51.00 62.00 NOTE
r-patched-linux-x86_64 0.1.0 2.64 32.22 34.86 NOTE
r-release-linux-x86_64 0.1.0 2.05 34.59 36.64 NOTE
r-release-macos-arm64 0.1.0 15.00 NOTE
r-release-macos-x86_64 0.1.0 22.00 NOTE
r-release-windows-x86_64 0.1.0 10.00 50.00 60.00 NOTE
r-oldrel-macos-arm64 0.1.0 24.00 NOTE
r-oldrel-macos-x86_64 0.1.0 29.00 NOTE
r-oldrel-windows-ix86+x86_64 0.1.0 6.00 42.00 48.00 NOTE

Check Details

Version: 0.1.0
Check: LazyData
Result: NOTE
     'LazyData' is specified without a 'data' directory
Flavors: r-devel-linux-x86_64-debian-clang, r-devel-linux-x86_64-debian-gcc, r-devel-linux-x86_64-fedora-clang, r-devel-linux-x86_64-fedora-gcc, r-devel-windows-x86_64, r-patched-linux-x86_64, r-release-linux-x86_64, r-release-macos-arm64, r-release-macos-x86_64, r-release-windows-x86_64, r-oldrel-macos-arm64, r-oldrel-macos-x86_64, r-oldrel-windows-ix86+x86_64