CRAN Package Check Results for Package changeRangeR

Last updated on 2024-06-18 03:57:05 CEST.

Flavor Version Tinstall Tcheck Ttotal Status Flags
r-devel-linux-x86_64-debian-clang 1.1.0 12.39 341.12 353.51 OK
r-devel-linux-x86_64-debian-gcc 1.1.0 10.00 251.39 261.39 OK
r-devel-linux-x86_64-fedora-clang 1.1.0 385.76 NOTE
r-devel-linux-x86_64-fedora-gcc 1.1.0 434.05 OK
r-devel-windows-x86_64 1.1.0 10.00 298.00 308.00 OK
r-patched-linux-x86_64 1.1.0 7.54 325.11 332.65 OK
r-release-linux-x86_64 1.1.0 8.10 325.09 333.19 OK
r-release-macos-arm64 1.1.0 134.00 NOTE
r-release-macos-x86_64 1.1.0 190.00 NOTE
r-release-windows-x86_64 1.1.0 11.00 299.00 310.00 OK
r-oldrel-macos-arm64 1.1.0 121.00 NOTE
r-oldrel-macos-x86_64 1.1.0 270.00 NOTE
r-oldrel-windows-x86_64 1.1.0 14.00 346.00 360.00 OK

Check Details

Version: 1.1.0
Check: installed package size
Result: NOTE installed size is 5.1Mb sub-directories of 1Mb or more: extdata 4.7Mb Flavors: r-devel-linux-x86_64-fedora-clang, r-release-macos-arm64, r-release-macos-x86_64, r-oldrel-macos-arm64, r-oldrel-macos-x86_64